t the prime factors of 57816.
2, 3, 11, 73
List the prime factors of 196.
2, 7
List the prime factors of 1610.
2, 5, 7, 23
List the prime factors of 716.
2, 179
List the prime factors of 37744.
2, 7, 337
What are the prime factors of 4212?
2, 3, 13
What are the prime factors of 989?
23, 43
What are the prime factors of 10816?
2, 13
What are the prime factors of 4768?
2, 149
What are the prime factors of 26782?
2, 7, 1913
List the prime factors of 1575.
3, 5, 7
List the prime factors of 660.
2, 3, 5, 11
List the prime factors of 23371.
23371
What are the prime factors of 519?
3, 173
What are the prime factors of 238?
2, 7, 17
What are the prime factors of 4212?
2, 3, 13
What are the prime factors of 317?
317
List the prime factors of 2802.
2, 3, 467
List the prime factors of 1963.
13, 151
List the prime factors of 2330.
2, 5, 233
List the prime factors of 4427.
19, 233
List the prime factors of 106551.
3, 11839
List the prime factors of 16855.
5, 3371
What are the prime factors of 576?
2, 3
What are the prime factors of 2220?
2, 3, 5, 37
What are the prime factors of 278?
2, 139
List the prime factors of 202.
2, 101
List the prime factors of 522.
2, 3, 29
What are the prime factors of 2472?
2, 3, 103
List the prime factors of 682.
2, 11, 31
List the prime factors of 678.
2, 3, 113
What are the prime factors of 3507?
3, 7, 167
List the prime factors of 1260.
2, 3, 5, 7
What are the prime factors of 721?
7, 103
List the prime factors of 811.
811
What are the prime factors of 27985?
5, 29, 193
What are the prime factors of 271?
271
List the prime factors of 5213.
13, 401
List the prime factors of 454.
2, 227
What are the prime factors of 7464?
2, 3, 311
List the prime factors of 42800.
2, 5, 107
List the prime factors of 63041.
11, 521
What are the prime factors of 8163?
3, 907
What are the prime factors of 43289?
73, 593
List the prime factors of 27623.
23, 1201
List the prime factors of 3793.
3793
What are the prime factors of 2172?
2, 3, 181
What are the prime factors of 11222?
2, 31, 181
List the prime factors of 5164.
2, 1291
List the prime factors of 3991.
13, 307
List the prime factors of 57802.
2, 28901
What are the prime factors of 89808?
2, 3, 1871
List the prime factors of 5327.
7, 761
What are the prime factors of 2783?
11, 23
What are the prime factors of 1485?
3, 5, 11
List the prime factors of 19405.
5, 3881
List the prime factors of 71900.
2, 5, 719
List the prime factors of 1338.
2, 3, 223
List the prime factors of 168723.
3, 2083
What are the prime factors of 5378?
2, 2689
What are the prime factors of 116132?
2, 29033
What are the prime factors of 6855?
3, 5, 457
List the prime factors of 18229.
18229
What are the prime factors of 2667?
3, 7, 127
List the prime factors of 107798.
2, 53899
What are the prime factors of 2438?
2, 23, 53
What are the prime factors of 21977?
21977
List the prime factors of 56047.
41, 1367
List the prime factors of 25639.
25639
List the prime factors of 16947.
3, 7, 269
What are the prime factors of 1953?
3, 7, 31
List the prime factors of 12834.
2, 3, 23, 31
What are the prime factors of 997?
997
List the prime factors of 1655.
5, 331
What are the prime factors of 2327?
13, 179
List the prime factors of 18887.
11, 17, 101
What are the prime factors of 122?
2, 61
What are the prime factors of 9499?
7, 23, 59
List the prime factors of 13586.
2, 6793
What are the prime factors of 3248?
2, 7, 29
What are the prime factors of 279?
3, 31
List the prime factors of 53276.
2, 19, 701
List the prime factors of 34.
2, 17
What are the prime factors of 8279?
17, 487
What are the prime factors of 1086?
2, 3, 181
List the prime factors of 30240.
2, 3, 5, 7
List the prime factors of 2116.
2, 23
What are the prime factors of 12391?
12391
What are the prime factors of 4098?
2, 3, 683
What are the prime factors of 1340?
2, 5, 67
What are the prime factors of 11086?
2, 23, 241
List the prime factors of 406.
2, 7, 29
What are the prime factors of 1686?
2, 3, 281
List the prime factors of 58.
2, 29
What are the prime factors of 2021?
43, 47
What are the prime factors of 2884?
2, 7, 103
What are the prime factors of 928?
2, 29
List the prime factors of 97958.
2, 7, 6997
What are the prime factors of 1776?
2, 3, 37
What are the prime factors of 260?
2, 5, 13
What are the prime factors of 3118?
2, 1559
What are the prime factors of 23481?
3, 2609
What are the prime factors of 1015?
5, 7, 29
List the prime factors of 2361.
3, 787
What are the prime factors of 1873?
1873
What are the prime factors of 1000?
2, 5
What are the prime factors of 87900?
2, 3, 5, 293
List the prime factors of 58217.
58217
What are the prime factors of 3989?
3989
List the prime factors of 3045.
3, 5, 7, 29
List the prime factors of 8213.
43, 191
List the prime factors of 26823.
3, 8941
List the prime factors of 3485.
5, 17, 41
List the prime factors of 664.
2, 83
List the prime factors of 48945.
3, 5, 13, 251
List the prime factors of 40.
2, 5
List the prime factors of 76394.
2, 38197
What are the prime factors of 1862?
2, 7, 19
List the prime factors of 95081.
7, 17, 47
List the prime factors of 47574.
2, 3, 881
What are the prime factors of 1250?
2, 5
List the prime factors of 3885.
3, 5, 7, 37
What are the prime factors of 4096?
2
List the prime factors of 20246.
2, 53, 191
What are the prime factors of 27138?
2, 3, 4523
What are the prime factors of 1875?
3, 5
What are the prime factors of 490?
2, 5, 7
List the prime factors of 10914.
2, 3, 17, 107
What are the prime factors of 25637?
31, 827
List the prime factors of 3913.
7, 13, 43
List the prime factors of 36229.
36229
What are the prime factors of 24813?
3, 919
What are the prime factors of 311?
311
List the prime factors of 560.
2, 5, 7
List the prime factors of 2385.
3, 5, 53
What are the prime factors of 13785?
3, 5, 919
What are the prime factors of 4286?
2, 2143
List the prime factors of 60504.
2, 3, 2521
What are the prime factors of 15?
3, 5
What are the prime factors of 257?
257
List the prime factors of 10619.
7, 37, 41
What are the prime factors of 147187?
103, 1429
List the prime factors of 17532.
2, 3, 487
What are the prime factors of 173878?
2, 86939
List the prime factors of 601.
601
List the prime factors of 12905.
5, 29, 89
List the prime factors of 69733.
137, 509
What are the prime factors of 1970?
2, 5, 197
List the prime factors of 15151.
109, 139
List the prime factors of 1746.
2, 3, 97
List the prime factors of 107763.
3, 17, 2113
What are the prime factors of 161?
7, 23
What are the prime factors of 9353?
47, 199
List the prime factors of 11209.
11, 1019
What are the prime factors of 35925?
3, 5, 479
List the prime factors of 724.
2, 181
List the prime factors of 4320.
2, 3, 5
List the prime factors of 10789.
10789
List the prime factors of 78231.
3, 89, 293
List the prime factors of 3619.
7, 11, 47
List the prime factors of 3194.
2, 1597
What are the prime factors of 19816?
2, 2477
What are the prime factors of 13500?
2, 3, 5
What are the prime factors of 1560?
2, 3, 5, 13
List the prime factors of 305.
5, 61
What are the prime factors of 2645?
5, 23
What are the prime factors of 578?
2, 17
What are the prime factors of 38206?
2, 7, 2729
What are the prime factors of 1124?
2, 281
What are the prime factors of 200060?
2, 5, 7, 1429
What are the prime factors of 10663?
10663
What are the prime factors of 26202?
2, 3, 11, 397
List the prime factors of 436.
2, 109
List the prime factors of 18008.
2, 2251
List the prime factors of 4759.
4759
List the prime factors of 15877.
15877
List the prime factors of 373.
373
What are the prime factors of 11996?
2, 2999
List the prime factors of 7242.
2, 3, 17, 71
What are the prime factors of 1784?
2, 223
What are the prime factors of 14499?
3, 179
What are the prime factors of 137?
137
List the prime factors of 23023.
7, 11, 13, 23
List the prime factors of 96.
2, 3
What are the prime factors of 1389?
3, 463
What are the prime factors of 89338?
2, 19, 2351
List the prime factors of 1091.
1091
What are the prime factors of 7413?
3, 7, 353
List the prime factors of 18437.
103, 179
List the prime factors of 61782.
2, 3, 7, 1471
List the prime factors of 530.
2, 5, 53
List the prime factors of 45249.
3, 15083
List the prime factors 